{"id":230,"date":"2020-08-30T19:38:22","date_gmt":"2020-08-30T17:38:22","guid":{"rendered":"https:\/\/autor.se\/?page_id=230"},"modified":"2025-02-01T10:12:12","modified_gmt":"2025-02-01T09:12:12","slug":"minnesrorelser-elise-adrian-linda-beel-helga-krook-hilde-lindroth-anja-nachaum-greta-wiedrow","status":"publish","type":"page","link":"https:\/\/autor.se\/index.php\/minnesrorelser-elise-adrian-linda-beel-helga-krook-hilde-lindroth-anja-nachaum-greta-wiedrow\/","title":{"rendered":"Minnesr\u00f6relser | Elise Adrian, Linda Beel, Helga Krook, Hilde Lindroth, Anja Nachaum, Greta Wiedrow"},"content":{"rendered":"\t\t<div data-elementor-type=\"wp-post\" data-elementor-id=\"230\" class=\"elementor elementor-230\">\n\t\t\t\t\t\t<section class=\"elementor-section elementor-top-section elementor-element elementor-element-b95103f elementor-section-boxed elementor-section-height-default elementor-section-height-default\" data-id=\"b95103f\" data-element_type=\"section\" data-settings=\"{&quot;_ha_eqh_enable&quot;:false}\">\n\t\t\t\t\t\t<div class=\"elementor-container elementor-column-gap-default\">\n\t\t\t\t\t\t<\/div>\n\t\t<\/section>\n\t\t\t\t<section class=\"elementor-section elementor-top-section elementor-element elementor-element-e9c6791 elementor-section-boxed elementor-section-height-default elementor-section-height-default\" data-id=\"e9c6791\" data-element_type=\"section\" data-settings=\"{&quot;_ha_eqh_enable&quot;:false}\">\n\t\t\t\t\t\t<div class=\"elementor-container elementor-column-gap-default\">\n\t\t\t\t\t<div class=\"elementor-column elementor-col-50 elementor-top-column elementor-element elementor-element-488c0e5\" data-id=\"488c0e5\" data-element_type=\"column\">\n\t\t\t<div class=\"elementor-widget-wrap elementor-element-populated\">\n\t\t\t\t\t\t<div class=\"elementor-element elementor-element-762b9d3 elementor-widget elementor-widget-image\" data-id=\"762b9d3\" data-element_type=\"widget\" data-widget_type=\"image.default\">\n\t\t\t\t<div class=\"elementor-widget-container\">\n\t\t\t\t\t\t\t\t\t\t\t\t\t<img fetchpriority=\"high\" decoding=\"async\" width=\"1880\" height=\"1880\" src=\"https:\/\/autor.se\/wp-content\/uploads\/2024\/11\/minnesrorelser.jpg\" class=\"attachment-full size-full wp-image-812\" alt=\"\" srcset=\"https:\/\/autor.se\/wp-content\/uploads\/2024\/11\/minnesrorelser.jpg 1880w, https:\/\/autor.se\/wp-content\/uploads\/2024\/11\/minnesrorelser-300x300.jpg 300w, https:\/\/autor.se\/wp-content\/uploads\/2024\/11\/minnesrorelser-1024x1024.jpg 1024w, https:\/\/autor.se\/wp-content\/uploads\/2024\/11\/minnesrorelser-150x150.jpg 150w, https:\/\/autor.se\/wp-content\/uploads\/2024\/11\/minnesrorelser-768x768.jpg 768w, https:\/\/autor.se\/wp-content\/uploads\/2024\/11\/minnesrorelser-1536x1536.jpg 1536w\" sizes=\"(max-width: 1880px) 100vw, 1880px\" \/>\t\t\t\t\t\t\t\t\t\t\t\t\t<\/div>\n\t\t\t\t<\/div>\n\t\t\t\t\t<\/div>\n\t\t<\/div>\n\t\t\t\t<div class=\"elementor-column elementor-col-50 elementor-top-column elementor-element elementor-element-7ed1c8c\" data-id=\"7ed1c8c\" data-element_type=\"column\">\n\t\t\t<div class=\"elementor-widget-wrap elementor-element-populated\">\n\t\t\t\t\t\t<div class=\"elementor-element elementor-element-3822e64 elementor-widget elementor-widget-heading\" data-id=\"3822e64\" data-element_type=\"widget\" data-widget_type=\"heading.default\">\n\t\t\t\t<div class=\"elementor-widget-container\">\n\t\t\t<h2 class=\"elementor-heading-title elementor-size-default\">Minnesr\u00f6relser | Elise Adrian, Linda Beel, Helga Krook, Hilde Lindroth, Anja Nachaum, Greta Wiedrow<\/h2>\t\t<\/div>\n\t\t\t\t<\/div>\n\t\t\t\t<div class=\"elementor-element elementor-element-308cc25 elementor-widget elementor-widget-text-editor\" data-id=\"308cc25\" data-element_type=\"widget\" data-widget_type=\"text-editor.default\">\n\t\t\t\t<div class=\"elementor-widget-container\">\n\t\t\t\t\t\t\t<p><i>Minnesr\u00f6relser<\/i> \u00e4r en avhandling i litter\u00e4r gestaltning som st\u00e4ller fr\u00e5gor kring minne, fiktion, dokument och ber\u00e4ttande. Ett insamlat dokument\u00e4rt material fr\u00e5n Tyskland och Sverige med en tyngdpunkt i andra v\u00e4rldskriget \u00e4r utg\u00e5ngspunkten f\u00f6r Helga Krooks projekt, d\u00e4r fem f\u00f6rfattare f\u00e5r i uppdrag att skriva fritt utifr\u00e5n materialet.<\/p>\n<p>Det kretsar kring familjen som plats f\u00f6r historieskrivning, minnespolitik och hur minnen och fr\u00e5nvaron av minnen kan vandra mellan generationer. Vad kan det inneb\u00e4ra att ber\u00e4tta en annans historia? Vems historia \u00e4r det d\u00e5 och vem \u00e4r det som ber\u00e4ttar? Hur kan tomrum f\u00f6r ok\u00e4nda ber\u00e4ttelser uppst\u00e5? Vad kan snedstrecket betyda mellan original\/\u00f6vers\u00e4ttning, ruin\/rekonstruktion, dotter\/dotter? <i>Minnesr\u00f6relser<\/i>, som utg\u00f6rs av sex separata b\u00f6cker i en box, kan betraktas som en gestaltning av en ber\u00e4ttarproblematik som unders\u00f6ks innanf\u00f6r skilda praktiker.<\/p>\t\t\t\t\t\t<\/div>\n\t\t\t\t<\/div>\n\t\t\t\t<div class=\"elementor-element elementor-element-7d62c7b elementor-align-left elementor-widget__width-auto elementor-widget elementor-widget-button\" data-id=\"7d62c7b\" data-element_type=\"widget\" data-widget_type=\"button.default\">\n\t\t\t\t<div class=\"elementor-widget-container\">\n\t\t\t\t\t<div class=\"elementor-button-wrapper\">\n\t\t\t<a class=\"elementor-button elementor-button-link elementor-size-xs\" href=\"https:\/\/www.bokus.com\/bok\/9789197994873\/minnesrorelser\/?srsltid=AfmBOoou_DFKobBu365rMW0D2DXTeYDvHfDR3YZB8zwSnNbcx0Ps-BvI\">\n\t\t\t\t\t\t<span class=\"elementor-button-content-wrapper\">\n\t\t\t\t\t\t\t\t\t<span class=\"elementor-button-text\">K\u00f6p hos Bokus<\/span>\n\t\t\t\t\t<\/span>\n\t\t\t\t\t<\/a>\n\t\t<\/div>\n\t\t\t\t<\/div>\n\t\t\t\t<\/div>\n\t\t\t\t<div class=\"elementor-element elementor-element-4207b83 elementor-widget__width-auto elementor-widget elementor-widget-button\" data-id=\"4207b83\" data-element_type=\"widget\" data-widget_type=\"button.default\">\n\t\t\t\t<div class=\"elementor-widget-container\">\n\t\t\t\t\t<div class=\"elementor-button-wrapper\">\n\t\t\t<a class=\"elementor-button elementor-button-link elementor-size-xs\" href=\"https:\/\/www.adlibris.com\/se\/bok\/minnesrorelser-9789197994873\">\n\t\t\t\t\t\t<span class=\"elementor-button-content-wrapper\">\n\t\t\t\t\t\t\t\t\t<span class=\"elementor-button-text\">K\u00f6p hos Adlibris<\/span>\n\t\t\t\t\t<\/span>\n\t\t\t\t\t<\/a>\n\t\t<\/div>\n\t\t\t\t<\/div>\n\t\t\t\t<\/div>\n\t\t\t\t\t<\/div>\n\t\t<\/div>\n\t\t\t\t\t<\/div>\n\t\t<\/section>\n\t\t\t\t<\/div>\n\t\t","protected":false},"excerpt":{"rendered":"<p>Minnesr\u00f6relser | Elise Adrian, Linda Beel, Helga Krook, Hilde Lindroth, Anja Nachaum, Greta Wiedrow Minnesr\u00f6relser \u00e4r en avhandling i litter\u00e4r gestaltning som st\u00e4ller fr\u00e5gor kring minne, fiktion, dokument och ber\u00e4ttande. Ett insamlat dokument\u00e4rt material fr\u00e5n Tyskland och Sverige med en tyngdpunkt i andra v\u00e4rldskriget \u00e4r utg\u00e5ngspunkten f\u00f6r Helga Krooks projekt, d\u00e4r fem f\u00f6rfattare f\u00e5r i [&hellip;]<\/p>\n","protected":false},"author":1,"featured_media":0,"parent":0,"menu_order":0,"comment_status":"closed","ping_status":"closed","template":"elementor_header_footer","meta":{"site-sidebar-layout":"no-sidebar","site-content-layout":"page-builder","ast-site-content-layout":"","site-content-style":"default","site-sidebar-style":"default","ast-global-header-display":"","ast-banner-title-visibility":"","ast-main-header-display":"","ast-hfb-above-header-display":"","ast-hfb-below-header-display":"","ast-hfb-mobile-header-display":"","site-post-title":"disabled","ast-breadcrumbs-content":"","ast-featured-img":"disabled","footer-sml-layout":"","theme-transparent-header-meta":"disabled","adv-header-id-meta":"","stick-header-meta":"","header-above-stick-meta":"","header-main-stick-meta":"","header-below-stick-meta":"","astra-migrate-meta-layouts":"default","ast-page-background-enabled":"default","ast-page-background-meta":{"desktop":{"background-color":"var(--ast-global-color-4)","background-image":"","background-repeat":"repeat","background-position":"center center","background-size":"auto","background-attachment":"scroll","background-type":"","background-media":"","overlay-type":"","overlay-color":"","overlay-opacity":"","overlay-gradient":""},"tablet":{"background-color":"","background-image":"","background-repeat":"repeat","background-position":"center center","background-size":"auto","background-attachment":"scroll","background-type":"","background-media":"","overlay-type":"","overlay-color":"","overlay-opacity":"","overlay-gradient":""},"mobile":{"background-color":"","background-image":"","background-repeat":"repeat","background-position":"center center","background-size":"auto","background-attachment":"scroll","background-type":"","background-media":"","overlay-type":"","overlay-color":"","overlay-opacity":"","overlay-gradient":""}},"ast-content-background-meta":{"desktop":{"background-color":"var(--ast-global-color-5)","background-image":"","background-repeat":"repeat","background-position":"center center","background-size":"auto","background-attachment":"scroll","background-type":"","background-media":"","overlay-type":"","overlay-color":"","overlay-opacity":"","overlay-gradient":""},"tablet":{"background-color":"var(--ast-global-color-5)","background-image":"","background-repeat":"repeat","background-position":"center center","background-size":"auto","background-attachment":"scroll","background-type":"","background-media":"","overlay-type":"","overlay-color":"","overlay-opacity":"","overlay-gradient":""},"mobile":{"background-color":"var(--ast-global-color-5)","background-image":"","background-repeat":"repeat","background-position":"center center","background-size":"auto","background-attachment":"scroll","background-type":"","background-media":"","overlay-type":"","overlay-color":"","overlay-opacity":"","overlay-gradient":""}},"footnotes":""},"class_list":["post-230","page","type-page","status-publish","hentry"],"yoast_head":"<!-- This site is optimized with the Yoast SEO plugin v23.4 - https:\/\/yoast.com\/wordpress\/plugins\/seo\/ -->\n<title>Minnesr\u00f6relser | Elise Adrian, Linda Beel, Helga Krook, Hilde Lindroth, Anja Nachaum, Greta Wiedrow -<\/title>\n<meta name=\"robots\" content=\"index, follow, max-snippet:-1, max-image-preview:large, max-video-preview:-1\" \/>\n<link rel=\"canonical\" href=\"https:\/\/autor.se\/index.php\/minnesrorelser-elise-adrian-linda-beel-helga-krook-hilde-lindroth-anja-nachaum-greta-wiedrow\/\" \/>\n<meta property=\"og:locale\" content=\"sv_SE\" \/>\n<meta property=\"og:type\" content=\"article\" \/>\n<meta property=\"og:title\" content=\"Minnesr\u00f6relser | Elise Adrian, Linda Beel, Helga Krook, Hilde Lindroth, Anja Nachaum, Greta Wiedrow -\" \/>\n<meta property=\"og:description\" content=\"Minnesr\u00f6relser | Elise Adrian, Linda Beel, Helga Krook, Hilde Lindroth, Anja Nachaum, Greta Wiedrow Minnesr\u00f6relser \u00e4r en avhandling i litter\u00e4r gestaltning som st\u00e4ller fr\u00e5gor kring minne, fiktion, dokument och ber\u00e4ttande. Ett insamlat dokument\u00e4rt material fr\u00e5n Tyskland och Sverige med en tyngdpunkt i andra v\u00e4rldskriget \u00e4r utg\u00e5ngspunkten f\u00f6r Helga Krooks projekt, d\u00e4r fem f\u00f6rfattare f\u00e5r i [&hellip;]\" \/>\n<meta property=\"og:url\" content=\"https:\/\/autor.se\/index.php\/minnesrorelser-elise-adrian-linda-beel-helga-krook-hilde-lindroth-anja-nachaum-greta-wiedrow\/\" \/>\n<meta property=\"article:modified_time\" content=\"2025-02-01T09:12:12+00:00\" \/>\n<meta property=\"og:image\" content=\"https:\/\/autor.se\/wp-content\/uploads\/2024\/11\/minnesrorelser.jpg\" \/>\n<meta name=\"twitter:card\" content=\"summary_large_image\" \/>\n<meta name=\"twitter:label1\" content=\"Ber\u00e4knad l\u00e4stid\" \/>\n\t<meta name=\"twitter:data1\" content=\"1 minut\" \/>\n<script type=\"application\/ld+json\" class=\"yoast-schema-graph\">{\"@context\":\"https:\/\/schema.org\",\"@graph\":[{\"@type\":\"WebPage\",\"@id\":\"https:\/\/autor.se\/index.php\/minnesrorelser-elise-adrian-linda-beel-helga-krook-hilde-lindroth-anja-nachaum-greta-wiedrow\/\",\"url\":\"https:\/\/autor.se\/index.php\/minnesrorelser-elise-adrian-linda-beel-helga-krook-hilde-lindroth-anja-nachaum-greta-wiedrow\/\",\"name\":\"Minnesr\u00f6relser | Elise Adrian, Linda Beel, Helga Krook, Hilde Lindroth, Anja Nachaum, Greta Wiedrow -\",\"isPartOf\":{\"@id\":\"https:\/\/autor.se\/#website\"},\"primaryImageOfPage\":{\"@id\":\"https:\/\/autor.se\/index.php\/minnesrorelser-elise-adrian-linda-beel-helga-krook-hilde-lindroth-anja-nachaum-greta-wiedrow\/#primaryimage\"},\"image\":{\"@id\":\"https:\/\/autor.se\/index.php\/minnesrorelser-elise-adrian-linda-beel-helga-krook-hilde-lindroth-anja-nachaum-greta-wiedrow\/#primaryimage\"},\"thumbnailUrl\":\"https:\/\/autor.se\/wp-content\/uploads\/2024\/11\/minnesrorelser.jpg\",\"datePublished\":\"2020-08-30T17:38:22+00:00\",\"dateModified\":\"2025-02-01T09:12:12+00:00\",\"breadcrumb\":{\"@id\":\"https:\/\/autor.se\/index.php\/minnesrorelser-elise-adrian-linda-beel-helga-krook-hilde-lindroth-anja-nachaum-greta-wiedrow\/#breadcrumb\"},\"inLanguage\":\"sv-SE\",\"potentialAction\":[{\"@type\":\"ReadAction\",\"target\":[\"https:\/\/autor.se\/index.php\/minnesrorelser-elise-adrian-linda-beel-helga-krook-hilde-lindroth-anja-nachaum-greta-wiedrow\/\"]}]},{\"@type\":\"ImageObject\",\"inLanguage\":\"sv-SE\",\"@id\":\"https:\/\/autor.se\/index.php\/minnesrorelser-elise-adrian-linda-beel-helga-krook-hilde-lindroth-anja-nachaum-greta-wiedrow\/#primaryimage\",\"url\":\"https:\/\/autor.se\/wp-content\/uploads\/2024\/11\/minnesrorelser.jpg\",\"contentUrl\":\"https:\/\/autor.se\/wp-content\/uploads\/2024\/11\/minnesrorelser.jpg\",\"width\":1880,\"height\":1880},{\"@type\":\"BreadcrumbList\",\"@id\":\"https:\/\/autor.se\/index.php\/minnesrorelser-elise-adrian-linda-beel-helga-krook-hilde-lindroth-anja-nachaum-greta-wiedrow\/#breadcrumb\",\"itemListElement\":[{\"@type\":\"ListItem\",\"position\":1,\"name\":\"Hem\",\"item\":\"https:\/\/autor.se\/\"},{\"@type\":\"ListItem\",\"position\":2,\"name\":\"Minnesr\u00f6relser | Elise Adrian, Linda Beel, Helga Krook, Hilde Lindroth, Anja Nachaum, Greta Wiedrow\"}]},{\"@type\":\"WebSite\",\"@id\":\"https:\/\/autor.se\/#website\",\"url\":\"https:\/\/autor.se\/\",\"name\":\"\",\"description\":\"\",\"publisher\":{\"@id\":\"https:\/\/autor.se\/#organization\"},\"potentialAction\":[{\"@type\":\"SearchAction\",\"target\":{\"@type\":\"EntryPoint\",\"urlTemplate\":\"https:\/\/autor.se\/?s={search_term_string}\"},\"query-input\":{\"@type\":\"PropertyValueSpecification\",\"valueRequired\":true,\"valueName\":\"search_term_string\"}}],\"inLanguage\":\"sv-SE\"},{\"@type\":\"Organization\",\"@id\":\"https:\/\/autor.se\/#organization\",\"name\":\"Autor F\u00f6rlag\",\"url\":\"https:\/\/autor.se\/\",\"logo\":{\"@type\":\"ImageObject\",\"inLanguage\":\"sv-SE\",\"@id\":\"https:\/\/autor.se\/#\/schema\/logo\/image\/\",\"url\":\"https:\/\/autor.se\/wp-content\/uploads\/2020\/08\/autorstor.jpg\",\"contentUrl\":\"https:\/\/autor.se\/wp-content\/uploads\/2020\/08\/autorstor.jpg\",\"width\":314,\"height\":292,\"caption\":\"Autor F\u00f6rlag\"},\"image\":{\"@id\":\"https:\/\/autor.se\/#\/schema\/logo\/image\/\"},\"sameAs\":[\"https:\/\/www.instagram.com\/autoribilder\"]}]}<\/script>\n<!-- \/ Yoast SEO plugin. -->","yoast_head_json":{"title":"Minnesr\u00f6relser | Elise Adrian, Linda Beel, Helga Krook, Hilde Lindroth, Anja Nachaum, Greta Wiedrow -","robots":{"index":"index","follow":"follow","max-snippet":"max-snippet:-1","max-image-preview":"max-image-preview:large","max-video-preview":"max-video-preview:-1"},"canonical":"https:\/\/autor.se\/index.php\/minnesrorelser-elise-adrian-linda-beel-helga-krook-hilde-lindroth-anja-nachaum-greta-wiedrow\/","og_locale":"sv_SE","og_type":"article","og_title":"Minnesr\u00f6relser | Elise Adrian, Linda Beel, Helga Krook, Hilde Lindroth, Anja Nachaum, Greta Wiedrow -","og_description":"Minnesr\u00f6relser | Elise Adrian, Linda Beel, Helga Krook, Hilde Lindroth, Anja Nachaum, Greta Wiedrow Minnesr\u00f6relser \u00e4r en avhandling i litter\u00e4r gestaltning som st\u00e4ller fr\u00e5gor kring minne, fiktion, dokument och ber\u00e4ttande. Ett insamlat dokument\u00e4rt material fr\u00e5n Tyskland och Sverige med en tyngdpunkt i andra v\u00e4rldskriget \u00e4r utg\u00e5ngspunkten f\u00f6r Helga Krooks projekt, d\u00e4r fem f\u00f6rfattare f\u00e5r i [&hellip;]","og_url":"https:\/\/autor.se\/index.php\/minnesrorelser-elise-adrian-linda-beel-helga-krook-hilde-lindroth-anja-nachaum-greta-wiedrow\/","article_modified_time":"2025-02-01T09:12:12+00:00","og_image":[{"url":"https:\/\/autor.se\/wp-content\/uploads\/2024\/11\/minnesrorelser.jpg"}],"twitter_card":"summary_large_image","twitter_misc":{"Ber\u00e4knad l\u00e4stid":"1 minut"},"schema":{"@context":"https:\/\/schema.org","@graph":[{"@type":"WebPage","@id":"https:\/\/autor.se\/index.php\/minnesrorelser-elise-adrian-linda-beel-helga-krook-hilde-lindroth-anja-nachaum-greta-wiedrow\/","url":"https:\/\/autor.se\/index.php\/minnesrorelser-elise-adrian-linda-beel-helga-krook-hilde-lindroth-anja-nachaum-greta-wiedrow\/","name":"Minnesr\u00f6relser | Elise Adrian, Linda Beel, Helga Krook, Hilde Lindroth, Anja Nachaum, Greta Wiedrow -","isPartOf":{"@id":"https:\/\/autor.se\/#website"},"primaryImageOfPage":{"@id":"https:\/\/autor.se\/index.php\/minnesrorelser-elise-adrian-linda-beel-helga-krook-hilde-lindroth-anja-nachaum-greta-wiedrow\/#primaryimage"},"image":{"@id":"https:\/\/autor.se\/index.php\/minnesrorelser-elise-adrian-linda-beel-helga-krook-hilde-lindroth-anja-nachaum-greta-wiedrow\/#primaryimage"},"thumbnailUrl":"https:\/\/autor.se\/wp-content\/uploads\/2024\/11\/minnesrorelser.jpg","datePublished":"2020-08-30T17:38:22+00:00","dateModified":"2025-02-01T09:12:12+00:00","breadcrumb":{"@id":"https:\/\/autor.se\/index.php\/minnesrorelser-elise-adrian-linda-beel-helga-krook-hilde-lindroth-anja-nachaum-greta-wiedrow\/#breadcrumb"},"inLanguage":"sv-SE","potentialAction":[{"@type":"ReadAction","target":["https:\/\/autor.se\/index.php\/minnesrorelser-elise-adrian-linda-beel-helga-krook-hilde-lindroth-anja-nachaum-greta-wiedrow\/"]}]},{"@type":"ImageObject","inLanguage":"sv-SE","@id":"https:\/\/autor.se\/index.php\/minnesrorelser-elise-adrian-linda-beel-helga-krook-hilde-lindroth-anja-nachaum-greta-wiedrow\/#primaryimage","url":"https:\/\/autor.se\/wp-content\/uploads\/2024\/11\/minnesrorelser.jpg","contentUrl":"https:\/\/autor.se\/wp-content\/uploads\/2024\/11\/minnesrorelser.jpg","width":1880,"height":1880},{"@type":"BreadcrumbList","@id":"https:\/\/autor.se\/index.php\/minnesrorelser-elise-adrian-linda-beel-helga-krook-hilde-lindroth-anja-nachaum-greta-wiedrow\/#breadcrumb","itemListElement":[{"@type":"ListItem","position":1,"name":"Hem","item":"https:\/\/autor.se\/"},{"@type":"ListItem","position":2,"name":"Minnesr\u00f6relser | Elise Adrian, Linda Beel, Helga Krook, Hilde Lindroth, Anja Nachaum, Greta Wiedrow"}]},{"@type":"WebSite","@id":"https:\/\/autor.se\/#website","url":"https:\/\/autor.se\/","name":"","description":"","publisher":{"@id":"https:\/\/autor.se\/#organization"},"potentialAction":[{"@type":"SearchAction","target":{"@type":"EntryPoint","urlTemplate":"https:\/\/autor.se\/?s={search_term_string}"},"query-input":{"@type":"PropertyValueSpecification","valueRequired":true,"valueName":"search_term_string"}}],"inLanguage":"sv-SE"},{"@type":"Organization","@id":"https:\/\/autor.se\/#organization","name":"Autor F\u00f6rlag","url":"https:\/\/autor.se\/","logo":{"@type":"ImageObject","inLanguage":"sv-SE","@id":"https:\/\/autor.se\/#\/schema\/logo\/image\/","url":"https:\/\/autor.se\/wp-content\/uploads\/2020\/08\/autorstor.jpg","contentUrl":"https:\/\/autor.se\/wp-content\/uploads\/2020\/08\/autorstor.jpg","width":314,"height":292,"caption":"Autor F\u00f6rlag"},"image":{"@id":"https:\/\/autor.se\/#\/schema\/logo\/image\/"},"sameAs":["https:\/\/www.instagram.com\/autoribilder"]}]}},"_links":{"self":[{"href":"https:\/\/autor.se\/index.php\/wp-json\/wp\/v2\/pages\/230"}],"collection":[{"href":"https:\/\/autor.se\/index.php\/wp-json\/wp\/v2\/pages"}],"about":[{"href":"https:\/\/autor.se\/index.php\/wp-json\/wp\/v2\/types\/page"}],"author":[{"embeddable":true,"href":"https:\/\/autor.se\/index.php\/wp-json\/wp\/v2\/users\/1"}],"replies":[{"embeddable":true,"href":"https:\/\/autor.se\/index.php\/wp-json\/wp\/v2\/comments?post=230"}],"version-history":[{"count":12,"href":"https:\/\/autor.se\/index.php\/wp-json\/wp\/v2\/pages\/230\/revisions"}],"predecessor-version":[{"id":1136,"href":"https:\/\/autor.se\/index.php\/wp-json\/wp\/v2\/pages\/230\/revisions\/1136"}],"wp:attachment":[{"href":"https:\/\/autor.se\/index.php\/wp-json\/wp\/v2\/media?parent=230"}],"curies":[{"name":"wp","href":"https:\/\/api.w.org\/{rel}","templated":true}]}}