{"id":235,"date":"2020-08-30T19:40:05","date_gmt":"2020-08-30T17:40:05","guid":{"rendered":"https:\/\/autor.se\/?page_id=235"},"modified":"2025-02-01T10:05:39","modified_gmt":"2025-02-01T09:05:39","slug":"hur-later-dikten-att-bli-ved-ii-fredrik-nyberg","status":"publish","type":"page","link":"https:\/\/autor.se\/index.php\/hur-later-dikten-att-bli-ved-ii-fredrik-nyberg\/","title":{"rendered":"Hur l\u00e5ter dikten? Att bli ved II | Fredrik Nyberg"},"content":{"rendered":"\t\t<div data-elementor-type=\"wp-post\" data-elementor-id=\"235\" class=\"elementor elementor-235\">\n\t\t\t\t\t\t<section class=\"elementor-section elementor-top-section elementor-element elementor-element-b95103f elementor-section-boxed elementor-section-height-default elementor-section-height-default\" data-id=\"b95103f\" data-element_type=\"section\" data-settings=\"{&quot;_ha_eqh_enable&quot;:false}\">\n\t\t\t\t\t\t<div class=\"elementor-container elementor-column-gap-default\">\n\t\t\t\t\t\t<\/div>\n\t\t<\/section>\n\t\t\t\t<section class=\"elementor-section elementor-top-section elementor-element elementor-element-e9c6791 elementor-section-boxed elementor-section-height-default elementor-section-height-default\" data-id=\"e9c6791\" data-element_type=\"section\" data-settings=\"{&quot;_ha_eqh_enable&quot;:false}\">\n\t\t\t\t\t\t<div class=\"elementor-container elementor-column-gap-default\">\n\t\t\t\t\t<div class=\"elementor-column elementor-col-50 elementor-top-column elementor-element elementor-element-488c0e5\" data-id=\"488c0e5\" data-element_type=\"column\">\n\t\t\t<div class=\"elementor-widget-wrap elementor-element-populated\">\n\t\t\t\t\t\t<div class=\"elementor-element elementor-element-762b9d3 elementor-widget elementor-widget-image\" data-id=\"762b9d3\" data-element_type=\"widget\" data-widget_type=\"image.default\">\n\t\t\t\t<div class=\"elementor-widget-container\">\n\t\t\t\t\t\t\t\t\t\t\t\t\t<img fetchpriority=\"high\" decoding=\"async\" width=\"1544\" height=\"2214\" src=\"https:\/\/autor.se\/wp-content\/uploads\/2020\/08\/hurlater.png\" class=\"attachment-full size-full wp-image-164\" alt=\"\" srcset=\"https:\/\/autor.se\/wp-content\/uploads\/2020\/08\/hurlater.png 1544w, https:\/\/autor.se\/wp-content\/uploads\/2020\/08\/hurlater-209x300.png 209w, https:\/\/autor.se\/wp-content\/uploads\/2020\/08\/hurlater-714x1024.png 714w, https:\/\/autor.se\/wp-content\/uploads\/2020\/08\/hurlater-768x1101.png 768w, https:\/\/autor.se\/wp-content\/uploads\/2020\/08\/hurlater-1071x1536.png 1071w, https:\/\/autor.se\/wp-content\/uploads\/2020\/08\/hurlater-1428x2048.png 1428w\" sizes=\"(max-width: 1544px) 100vw, 1544px\" \/>\t\t\t\t\t\t\t\t\t\t\t\t\t<\/div>\n\t\t\t\t<\/div>\n\t\t\t\t\t<\/div>\n\t\t<\/div>\n\t\t\t\t<div class=\"elementor-column elementor-col-50 elementor-top-column elementor-element elementor-element-7ed1c8c\" data-id=\"7ed1c8c\" data-element_type=\"column\">\n\t\t\t<div class=\"elementor-widget-wrap elementor-element-populated\">\n\t\t\t\t\t\t<div class=\"elementor-element elementor-element-3822e64 elementor-widget elementor-widget-heading\" data-id=\"3822e64\" data-element_type=\"widget\" data-widget_type=\"heading.default\">\n\t\t\t\t<div class=\"elementor-widget-container\">\n\t\t\t<h2 class=\"elementor-heading-title elementor-size-default\">Hur l\u00e5ter dikten? Att bli ved II | Fredrik Nyberg<\/h2>\t\t<\/div>\n\t\t\t\t<\/div>\n\t\t\t\t<div class=\"elementor-element elementor-element-308cc25 elementor-widget elementor-widget-text-editor\" data-id=\"308cc25\" data-element_type=\"widget\" data-widget_type=\"text-editor.default\">\n\t\t\t\t<div class=\"elementor-widget-container\">\n\t\t\t\t\t\t\t<p><i>Hur l\u00e5ter dikten? Att bli ved II<\/i> \u00e4r en avhandling som utifr\u00e5n olika perspektiv och med hj\u00e4lp av en r\u00e4cka olika skrivs\u00e4tt reflekterar \u00f6ver den fr\u00e5gest\u00e4llning titeln v\u00e4cker. I tre l\u00e4ngre kapitel diskuteras i tur och ordning lyrikuppl\u00e4sning, olika typer av ljudpoesi samt slutligen tv\u00e5 av f\u00f6rfattarens egna konstn\u00e4rliga iscens\u00e4ttningar, hela tiden med diktens akustiska dimensioner i fokus. Unders\u00f6kningen avt\u00e4cker efterhand ett m\u00f6nster som p\u00e5 ett specifikt vis b\u00e5de binder samman och h\u00e5ller is\u00e4r text och r\u00f6st, skrivandet och lyssnandet, talet och livet.<\/p>\n<p><i>Hur l\u00e5ter dikten? Att bli ved II<\/i> \u00e4r den f\u00f6rsta avhandlingen som l\u00e4ggs fram i \u00e4mnet litter\u00e4r gestaltning. Till avhandlingen h\u00f6r \u00e4ven diktsamlingen <i>Att bli ved<\/i> (Norstedts 2013).<\/p>\t\t\t\t\t\t<\/div>\n\t\t\t\t<\/div>\n\t\t\t\t<div class=\"elementor-element elementor-element-20b73d3 elementor-align-left elementor-widget__width-auto elementor-widget elementor-widget-button\" data-id=\"20b73d3\" data-element_type=\"widget\" data-widget_type=\"button.default\">\n\t\t\t\t<div class=\"elementor-widget-container\">\n\t\t\t\t\t<div class=\"elementor-button-wrapper\">\n\t\t\t<a class=\"elementor-button elementor-button-link elementor-size-xs\" href=\"https:\/\/www.bokus.com\/bok\/9789197994828\/hur-later-dikten-att-bli-ved-ii\/?srsltid=AfmBOopDttFgHcuRC72u1yZabDI0mlFIkuMcWO6qkrZL9HtVHYYi5Ip0\">\n\t\t\t\t\t\t<span class=\"elementor-button-content-wrapper\">\n\t\t\t\t\t\t\t\t\t<span class=\"elementor-button-text\">K\u00f6p hos Bokus<\/span>\n\t\t\t\t\t<\/span>\n\t\t\t\t\t<\/a>\n\t\t<\/div>\n\t\t\t\t<\/div>\n\t\t\t\t<\/div>\n\t\t\t\t<div class=\"elementor-element elementor-element-bfeaa11 elementor-widget__width-auto elementor-widget elementor-widget-button\" data-id=\"bfeaa11\" data-element_type=\"widget\" data-widget_type=\"button.default\">\n\t\t\t\t<div class=\"elementor-widget-container\">\n\t\t\t\t\t<div class=\"elementor-button-wrapper\">\n\t\t\t<a class=\"elementor-button elementor-button-link elementor-size-xs\" href=\"https:\/\/www.adlibris.com\/se\/bok\/hur-later-dikten-att-bli-ved-ii-9789197994828\">\n\t\t\t\t\t\t<span class=\"elementor-button-content-wrapper\">\n\t\t\t\t\t\t\t\t\t<span class=\"elementor-button-text\">K\u00f6p hos Adlibris<\/span>\n\t\t\t\t\t<\/span>\n\t\t\t\t\t<\/a>\n\t\t<\/div>\n\t\t\t\t<\/div>\n\t\t\t\t<\/div>\n\t\t\t\t\t<\/div>\n\t\t<\/div>\n\t\t\t\t\t<\/div>\n\t\t<\/section>\n\t\t\t\t<\/div>\n\t\t","protected":false},"excerpt":{"rendered":"<p>Hur l\u00e5ter dikten? Att bli ved II | Fredrik Nyberg Hur l\u00e5ter dikten? Att bli ved II \u00e4r en avhandling som utifr\u00e5n olika perspektiv och med hj\u00e4lp av en r\u00e4cka olika skrivs\u00e4tt reflekterar \u00f6ver den fr\u00e5gest\u00e4llning titeln v\u00e4cker. I tre l\u00e4ngre kapitel diskuteras i tur och ordning lyrikuppl\u00e4sning, olika typer av ljudpoesi samt slutligen tv\u00e5 [&hellip;]<\/p>\n","protected":false},"author":1,"featured_media":0,"parent":0,"menu_order":0,"comment_status":"closed","ping_status":"closed","template":"elementor_header_footer","meta":{"site-sidebar-layout":"no-sidebar","site-content-layout":"page-builder","ast-site-content-layout":"","site-content-style":"default","site-sidebar-style":"default","ast-global-header-display":"","ast-banner-title-visibility":"","ast-main-header-display":"","ast-hfb-above-header-display":"","ast-hfb-below-header-display":"","ast-hfb-mobile-header-display":"","site-post-title":"disabled","ast-breadcrumbs-content":"","ast-featured-img":"disabled","footer-sml-layout":"","theme-transparent-header-meta":"disabled","adv-header-id-meta":"","stick-header-meta":"","header-above-stick-meta":"","header-main-stick-meta":"","header-below-stick-meta":"","astra-migrate-meta-layouts":"default","ast-page-background-enabled":"default","ast-page-background-meta":{"desktop":{"background-color":"var(--ast-global-color-4)","background-image":"","background-repeat":"repeat","background-position":"center center","background-size":"auto","background-attachment":"scroll","background-type":"","background-media":"","overlay-type":"","overlay-color":"","overlay-opacity":"","overlay-gradient":""},"tablet":{"background-color":"","background-image":"","background-repeat":"repeat","background-position":"center center","background-size":"auto","background-attachment":"scroll","background-type":"","background-media":"","overlay-type":"","overlay-color":"","overlay-opacity":"","overlay-gradient":""},"mobile":{"background-color":"","background-image":"","background-repeat":"repeat","background-position":"center center","background-size":"auto","background-attachment":"scroll","background-type":"","background-media":"","overlay-type":"","overlay-color":"","overlay-opacity":"","overlay-gradient":""}},"ast-content-background-meta":{"desktop":{"background-color":"var(--ast-global-color-5)","background-image":"","background-repeat":"repeat","background-position":"center center","background-size":"auto","background-attachment":"scroll","background-type":"","background-media":"","overlay-type":"","overlay-color":"","overlay-opacity":"","overlay-gradient":""},"tablet":{"background-color":"var(--ast-global-color-5)","background-image":"","background-repeat":"repeat","background-position":"center center","background-size":"auto","background-attachment":"scroll","background-type":"","background-media":"","overlay-type":"","overlay-color":"","overlay-opacity":"","overlay-gradient":""},"mobile":{"background-color":"var(--ast-global-color-5)","background-image":"","background-repeat":"repeat","background-position":"center center","background-size":"auto","background-attachment":"scroll","background-type":"","background-media":"","overlay-type":"","overlay-color":"","overlay-opacity":"","overlay-gradient":""}},"footnotes":""},"class_list":["post-235","page","type-page","status-publish","hentry"],"yoast_head":"<!-- This site is optimized with the Yoast SEO plugin v23.4 - https:\/\/yoast.com\/wordpress\/plugins\/seo\/ -->\n<title>Hur l\u00e5ter dikten? Att bli ved II | Fredrik Nyberg -<\/title>\n<meta name=\"robots\" content=\"index, follow, max-snippet:-1, max-image-preview:large, max-video-preview:-1\" \/>\n<link rel=\"canonical\" href=\"https:\/\/autor.se\/index.php\/hur-later-dikten-att-bli-ved-ii-fredrik-nyberg\/\" \/>\n<meta property=\"og:locale\" content=\"sv_SE\" \/>\n<meta property=\"og:type\" content=\"article\" \/>\n<meta property=\"og:title\" content=\"Hur l\u00e5ter dikten? Att bli ved II | Fredrik Nyberg -\" \/>\n<meta property=\"og:description\" content=\"Hur l\u00e5ter dikten? Att bli ved II | Fredrik Nyberg Hur l\u00e5ter dikten? Att bli ved II \u00e4r en avhandling som utifr\u00e5n olika perspektiv och med hj\u00e4lp av en r\u00e4cka olika skrivs\u00e4tt reflekterar \u00f6ver den fr\u00e5gest\u00e4llning titeln v\u00e4cker. I tre l\u00e4ngre kapitel diskuteras i tur och ordning lyrikuppl\u00e4sning, olika typer av ljudpoesi samt slutligen tv\u00e5 [&hellip;]\" \/>\n<meta property=\"og:url\" content=\"https:\/\/autor.se\/index.php\/hur-later-dikten-att-bli-ved-ii-fredrik-nyberg\/\" \/>\n<meta property=\"article:modified_time\" content=\"2025-02-01T09:05:39+00:00\" \/>\n<meta property=\"og:image\" content=\"https:\/\/autor.se\/wp-content\/uploads\/2020\/08\/hurlater.png\" \/>\n<meta name=\"twitter:card\" content=\"summary_large_image\" \/>\n<meta name=\"twitter:label1\" content=\"Ber\u00e4knad l\u00e4stid\" \/>\n\t<meta name=\"twitter:data1\" content=\"1 minut\" \/>\n<script type=\"application\/ld+json\" class=\"yoast-schema-graph\">{\"@context\":\"https:\/\/schema.org\",\"@graph\":[{\"@type\":\"WebPage\",\"@id\":\"https:\/\/autor.se\/index.php\/hur-later-dikten-att-bli-ved-ii-fredrik-nyberg\/\",\"url\":\"https:\/\/autor.se\/index.php\/hur-later-dikten-att-bli-ved-ii-fredrik-nyberg\/\",\"name\":\"Hur l\u00e5ter dikten? Att bli ved II | Fredrik Nyberg -\",\"isPartOf\":{\"@id\":\"https:\/\/autor.se\/#website\"},\"primaryImageOfPage\":{\"@id\":\"https:\/\/autor.se\/index.php\/hur-later-dikten-att-bli-ved-ii-fredrik-nyberg\/#primaryimage\"},\"image\":{\"@id\":\"https:\/\/autor.se\/index.php\/hur-later-dikten-att-bli-ved-ii-fredrik-nyberg\/#primaryimage\"},\"thumbnailUrl\":\"https:\/\/autor.se\/wp-content\/uploads\/2020\/08\/hurlater.png\",\"datePublished\":\"2020-08-30T17:40:05+00:00\",\"dateModified\":\"2025-02-01T09:05:39+00:00\",\"breadcrumb\":{\"@id\":\"https:\/\/autor.se\/index.php\/hur-later-dikten-att-bli-ved-ii-fredrik-nyberg\/#breadcrumb\"},\"inLanguage\":\"sv-SE\",\"potentialAction\":[{\"@type\":\"ReadAction\",\"target\":[\"https:\/\/autor.se\/index.php\/hur-later-dikten-att-bli-ved-ii-fredrik-nyberg\/\"]}]},{\"@type\":\"ImageObject\",\"inLanguage\":\"sv-SE\",\"@id\":\"https:\/\/autor.se\/index.php\/hur-later-dikten-att-bli-ved-ii-fredrik-nyberg\/#primaryimage\",\"url\":\"https:\/\/autor.se\/wp-content\/uploads\/2020\/08\/hurlater.png\",\"contentUrl\":\"https:\/\/autor.se\/wp-content\/uploads\/2020\/08\/hurlater.png\",\"width\":1544,\"height\":2214},{\"@type\":\"BreadcrumbList\",\"@id\":\"https:\/\/autor.se\/index.php\/hur-later-dikten-att-bli-ved-ii-fredrik-nyberg\/#breadcrumb\",\"itemListElement\":[{\"@type\":\"ListItem\",\"position\":1,\"name\":\"Hem\",\"item\":\"https:\/\/autor.se\/\"},{\"@type\":\"ListItem\",\"position\":2,\"name\":\"Hur l\u00e5ter dikten? Att bli ved II | Fredrik Nyberg\"}]},{\"@type\":\"WebSite\",\"@id\":\"https:\/\/autor.se\/#website\",\"url\":\"https:\/\/autor.se\/\",\"name\":\"\",\"description\":\"\",\"publisher\":{\"@id\":\"https:\/\/autor.se\/#organization\"},\"potentialAction\":[{\"@type\":\"SearchAction\",\"target\":{\"@type\":\"EntryPoint\",\"urlTemplate\":\"https:\/\/autor.se\/?s={search_term_string}\"},\"query-input\":{\"@type\":\"PropertyValueSpecification\",\"valueRequired\":true,\"valueName\":\"search_term_string\"}}],\"inLanguage\":\"sv-SE\"},{\"@type\":\"Organization\",\"@id\":\"https:\/\/autor.se\/#organization\",\"name\":\"Autor F\u00f6rlag\",\"url\":\"https:\/\/autor.se\/\",\"logo\":{\"@type\":\"ImageObject\",\"inLanguage\":\"sv-SE\",\"@id\":\"https:\/\/autor.se\/#\/schema\/logo\/image\/\",\"url\":\"https:\/\/autor.se\/wp-content\/uploads\/2020\/08\/autorstor.jpg\",\"contentUrl\":\"https:\/\/autor.se\/wp-content\/uploads\/2020\/08\/autorstor.jpg\",\"width\":314,\"height\":292,\"caption\":\"Autor F\u00f6rlag\"},\"image\":{\"@id\":\"https:\/\/autor.se\/#\/schema\/logo\/image\/\"},\"sameAs\":[\"https:\/\/www.instagram.com\/autoribilder\"]}]}<\/script>\n<!-- \/ Yoast SEO plugin. -->","yoast_head_json":{"title":"Hur l\u00e5ter dikten? Att bli ved II | Fredrik Nyberg -","robots":{"index":"index","follow":"follow","max-snippet":"max-snippet:-1","max-image-preview":"max-image-preview:large","max-video-preview":"max-video-preview:-1"},"canonical":"https:\/\/autor.se\/index.php\/hur-later-dikten-att-bli-ved-ii-fredrik-nyberg\/","og_locale":"sv_SE","og_type":"article","og_title":"Hur l\u00e5ter dikten? Att bli ved II | Fredrik Nyberg -","og_description":"Hur l\u00e5ter dikten? Att bli ved II | Fredrik Nyberg Hur l\u00e5ter dikten? Att bli ved II \u00e4r en avhandling som utifr\u00e5n olika perspektiv och med hj\u00e4lp av en r\u00e4cka olika skrivs\u00e4tt reflekterar \u00f6ver den fr\u00e5gest\u00e4llning titeln v\u00e4cker. I tre l\u00e4ngre kapitel diskuteras i tur och ordning lyrikuppl\u00e4sning, olika typer av ljudpoesi samt slutligen tv\u00e5 [&hellip;]","og_url":"https:\/\/autor.se\/index.php\/hur-later-dikten-att-bli-ved-ii-fredrik-nyberg\/","article_modified_time":"2025-02-01T09:05:39+00:00","og_image":[{"url":"https:\/\/autor.se\/wp-content\/uploads\/2020\/08\/hurlater.png"}],"twitter_card":"summary_large_image","twitter_misc":{"Ber\u00e4knad l\u00e4stid":"1 minut"},"schema":{"@context":"https:\/\/schema.org","@graph":[{"@type":"WebPage","@id":"https:\/\/autor.se\/index.php\/hur-later-dikten-att-bli-ved-ii-fredrik-nyberg\/","url":"https:\/\/autor.se\/index.php\/hur-later-dikten-att-bli-ved-ii-fredrik-nyberg\/","name":"Hur l\u00e5ter dikten? Att bli ved II | Fredrik Nyberg -","isPartOf":{"@id":"https:\/\/autor.se\/#website"},"primaryImageOfPage":{"@id":"https:\/\/autor.se\/index.php\/hur-later-dikten-att-bli-ved-ii-fredrik-nyberg\/#primaryimage"},"image":{"@id":"https:\/\/autor.se\/index.php\/hur-later-dikten-att-bli-ved-ii-fredrik-nyberg\/#primaryimage"},"thumbnailUrl":"https:\/\/autor.se\/wp-content\/uploads\/2020\/08\/hurlater.png","datePublished":"2020-08-30T17:40:05+00:00","dateModified":"2025-02-01T09:05:39+00:00","breadcrumb":{"@id":"https:\/\/autor.se\/index.php\/hur-later-dikten-att-bli-ved-ii-fredrik-nyberg\/#breadcrumb"},"inLanguage":"sv-SE","potentialAction":[{"@type":"ReadAction","target":["https:\/\/autor.se\/index.php\/hur-later-dikten-att-bli-ved-ii-fredrik-nyberg\/"]}]},{"@type":"ImageObject","inLanguage":"sv-SE","@id":"https:\/\/autor.se\/index.php\/hur-later-dikten-att-bli-ved-ii-fredrik-nyberg\/#primaryimage","url":"https:\/\/autor.se\/wp-content\/uploads\/2020\/08\/hurlater.png","contentUrl":"https:\/\/autor.se\/wp-content\/uploads\/2020\/08\/hurlater.png","width":1544,"height":2214},{"@type":"BreadcrumbList","@id":"https:\/\/autor.se\/index.php\/hur-later-dikten-att-bli-ved-ii-fredrik-nyberg\/#breadcrumb","itemListElement":[{"@type":"ListItem","position":1,"name":"Hem","item":"https:\/\/autor.se\/"},{"@type":"ListItem","position":2,"name":"Hur l\u00e5ter dikten? Att bli ved II | Fredrik Nyberg"}]},{"@type":"WebSite","@id":"https:\/\/autor.se\/#website","url":"https:\/\/autor.se\/","name":"","description":"","publisher":{"@id":"https:\/\/autor.se\/#organization"},"potentialAction":[{"@type":"SearchAction","target":{"@type":"EntryPoint","urlTemplate":"https:\/\/autor.se\/?s={search_term_string}"},"query-input":{"@type":"PropertyValueSpecification","valueRequired":true,"valueName":"search_term_string"}}],"inLanguage":"sv-SE"},{"@type":"Organization","@id":"https:\/\/autor.se\/#organization","name":"Autor F\u00f6rlag","url":"https:\/\/autor.se\/","logo":{"@type":"ImageObject","inLanguage":"sv-SE","@id":"https:\/\/autor.se\/#\/schema\/logo\/image\/","url":"https:\/\/autor.se\/wp-content\/uploads\/2020\/08\/autorstor.jpg","contentUrl":"https:\/\/autor.se\/wp-content\/uploads\/2020\/08\/autorstor.jpg","width":314,"height":292,"caption":"Autor F\u00f6rlag"},"image":{"@id":"https:\/\/autor.se\/#\/schema\/logo\/image\/"},"sameAs":["https:\/\/www.instagram.com\/autoribilder"]}]}},"_links":{"self":[{"href":"https:\/\/autor.se\/index.php\/wp-json\/wp\/v2\/pages\/235"}],"collection":[{"href":"https:\/\/autor.se\/index.php\/wp-json\/wp\/v2\/pages"}],"about":[{"href":"https:\/\/autor.se\/index.php\/wp-json\/wp\/v2\/types\/page"}],"author":[{"embeddable":true,"href":"https:\/\/autor.se\/index.php\/wp-json\/wp\/v2\/users\/1"}],"replies":[{"embeddable":true,"href":"https:\/\/autor.se\/index.php\/wp-json\/wp\/v2\/comments?post=235"}],"version-history":[{"count":9,"href":"https:\/\/autor.se\/index.php\/wp-json\/wp\/v2\/pages\/235\/revisions"}],"predecessor-version":[{"id":1122,"href":"https:\/\/autor.se\/index.php\/wp-json\/wp\/v2\/pages\/235\/revisions\/1122"}],"wp:attachment":[{"href":"https:\/\/autor.se\/index.php\/wp-json\/wp\/v2\/media?parent=235"}],"curies":[{"name":"wp","href":"https:\/\/api.w.org\/{rel}","templated":true}]}}